3 - 4*v**3/3 + 3*v**2. List the prime factors of g(-3).
2, 5
Let s be 31*(5 + -3 - 1). Let p = 108 - s. List the prime factors of p.
7, 11
Suppose 260*x - 236 = 256*x. List the prime factors of x.
59
Suppose -u + 117 + 16 = 0. Suppose 4*h - 2*j + u = 15, -h + 4*j = 47. List the prime factors of -1*(h - (0 - -1)).
2, 7
Suppose -17683 - 2717 = -20*a. List the prime factors of a.
2, 3, 5, 17
Suppose 2*i = -4*i - 654. Let v = 139 + i. List the prime factors of v.
2, 3, 5
Suppose 0 = -3*s + 3*r + 2906 - 662, -s + 763 = 2*r. List the prime factors of s.
3, 251
Suppose -3*w = -4*g + w + 1512, 3*g - 2*w - 1136 = 0. Let k = -247 + g. List the prime factors of k.
7, 19
Let f(j) = -4*j - j + j + 5*j + 10. Let i be f(-8). Suppose -n + i*n = 14. List the prime factors of n.
2, 7
Let w(d) = -35*d - 9. Let m(f) = 1. Let s(q) = 5*m(q) + w(q). Let l be s(-2). Suppose -2*x + 3*k = -l, 4*x - 132 = 4*k - 0*k. List the prime factors of x.
3, 11
Suppose 64031 = 48*y + 4175. List the prime factors of y.
29, 43
Let s(w) = 22*w + 3. Let i be s(-7). What are the prime factors of (-4)/(-5)*65/26 - i?
3, 17
Let k = 649 + -352. Let d = 505 - k. List the prime factors of d.
2, 13
Suppose 50*p - 40*p = 60. List the prime factors of p.
2, 3
Let d be 1/(-2) - 10525/(-50). Suppose 0 = -3*k + 708 + d. List the prime factors of k.
2, 3, 17
Let y(w) = w**2 - 13*w + 26. Let g be y(9). What are the prime factors of ((-1008)/g - 2/(-10))*1?
101
List the prime factors of (2 + -1 + 0)/((-37)/(-4921)).
7, 19
List the prime factors of (-2)/(((-90)/(-4422))/(-15)).
2, 11, 67
Let h = 1909 + -1191. What are the prime factors of h?
2, 359
Let w(b) = -226*b - 1256. List the prime factors of w(-13).
2, 29
Suppose 5*j - 25 = 0, j - 4*j = 4*g - 1551. What are the prime factors of g?
2, 3
Let d(t) = 3*t**2 + 3*t - 3. Suppose 2*w + 3 = 5. Let f be d(w). Suppose -258 = -5*l + 2*j, -2*l + 0*l + f*j = -112. What are the prime factors of l?
2, 5
Suppose 1786*a - 20046 = 1780*a. List the prime factors of a.
13, 257
Let n(t) be the first derivative of t**4/4 - 2*t**3/3 + t**2/2 + 19*t + 15. What are the prime factors of n(0)?
19
Suppose 32*j - 32713 = -11721. What are the prime factors of j?
2, 41
Suppose -4*g - p - 8 = 0, -2 + 1 = -3*g + p. Let u be 2*g/(-2) - 8. Let q(n) = n**2 + 5*n - 6. List the prime factors of q(u).
2
List the prime factors of 6*5/(-10)*-155.
3, 5, 31
Let j = 130 - 89. Let f = -17 + j. List the prime factors of f.
2, 3
Suppose -28*o = 35*o - 218421. List the prime factors of o.
3467
Let d = 4460 + -2172. Suppose -3*g = 5*g - d. What are the prime factors of g?
2, 11, 13
Suppose 34*k - 7100 = 30*k. List the prime factors of k.
5, 71
Let j be ((-62)/(-12) - 5) + (-10)/(-12). List the prime factors of (-298)/4*(-5 + (4 - j)).
149
Suppose -5*v + 55 = 3*k, v - 20 = -3*k + 3*v. Suppose 5*h - 3*o - 2*o - k = 0, -h - 5*o - 10 = 0. List the prime factors of h - (60/(-4) - -4).
11
Let d = 147 + 60. Let i = d - 90. What are the prime factors of i?
3, 13
Suppose -2*z = -5*g - 4753, 4741 = 2*z - 10*g + 9*g. List the prime factors of z.
23, 103
Let n = -76 + 71. Let v(c) = 7*c**2 + 2*c + 17. What are the prime factors of v(n)?
2, 7, 13
Let c = 1660 - 312. What are the prime factors of c?
2, 337
Let i = -2 + 683. What are the prime factors of i?
3, 227
Let z be (-26)/8 + (-5)/(-20). What are the prime factors of (19 + -1 - z)*1?
3, 7
Suppose 16 = 3*u + u. Suppose -2*w + 0*d + 3 = -d, 0 = 5*w + d - u. Suppose -b + 15 = -w. List the prime factors of b.
2
Let z be 4/((-21)/57 + 1/3). List the prime factors of ((-4)/(4 - (-459)/z))/1.
2, 19
Suppose -2570 = -29*i + 852. What are the prime factors of i?
2, 59
Suppose 23*b - 6417 = -0*b. What are the prime factors of b?
3, 31
Let h(p) = 11*p - 1. Let k(f) = -11*f. Let o(l) = -6*h(l) - 5*k(l). List the prime factors of o(-5).
61
Suppose 2*k - 481 = -3*i + 4798, -3*k - 5*i + 7921 = 0. What are the prime factors of k?
2, 7, 47
Let a = -15 + 9. Let l = 11 + a. Suppose l*x = z + 180, 5*x - 3*z = 133 + 57. List the prime factors of x.
5, 7
What are the prime factors of 2117/4 - 1 - (-18)/(-72)?
2, 3, 11
Let v(t) = t - 3. Let h be v(5). Suppose 7*i - 14 = -3*y + 2*i, -i = h*y - 21. What are the prime factors of y?
13
Let j(b) be the third derivative of -5*b**4/24 - 8*b**3/3 + 3*b**2. Let o be j(7). Let i = 97 + o. List the prime factors of i.
2, 23
Let b be ((-27)/(-6) + -1)/(9/(-36)). Let s(q) = -13*q - 30. List the prime factors of s(b).
2, 19
Suppose 0 = -2*x + 2*q - 147 - 41, -4*x - 4*q - 368 = 0. Let j = x - -138. Suppose 0 = 2*w + w - j. List the prime factors of w.
3, 5
List the prime factors of -1613*(-4)/10 + (-16)/(-20).
2, 17, 19
Let o(d) = d**3 + 5*d**2 - 7*d. Let k be o(-6). Suppose -2*t - k*t = -32. What are the prime factors of t?
2
Let n(f) = -f**3 - 5*f**2 + 4*f - 3. Let t be n(-6). Let o be ((-3)/t)/((-2)/(-12)). List the prime factors of (o - (-2 - -2))*-10.
2, 5
Suppose 0 = -183*x + 176*x + 8288. List the prime factors of x.
2, 37
Let y(v) = -v**3 + 9*v**2 - 6*v - 9. Suppose 4*k - 20 = -3*p, -4*k - 4*p = -6*p - 40. Let b be y(k). List the prime factors of (b/(-21))/(1/(-87)).
29
Let a(n) = 131*n - 3. Let d be a(-2). Let p = d + 473. What are the prime factors of p?
2, 13
What are the prime factors of (-6)/20 - (-354879)/430?
3, 5, 11
Suppose 0 = -2*l + 4 + 2. Suppose -117 = -5*i - l*r - 18, -4*r = -i + 6. List the prime factors of i.
2, 3
Let j(q) = -2*q**2 - 2. Let u be 4 - (0/(-2) + 2). Let c be j(u). List the prime factors of c - -13 - (-28)/1.
31
Suppose -58 = -2*n - 4*k, -n + 4*n = 2*k + 47. List the prime factors of n.
19
Suppose 5*u = 27 - 2. Suppose 2*x = -4*v + 12, 2*x - 3*v + 33 = u*x. Let b = x - 9. List the prime factors of b.
7
Let p = 9 + -15. Let t be (-1 - 3)/(p/(-9)). What are the prime factors of 6/t*(-31)/1?
31
Let w(r) = -3 + 6*r - 2*r - 3*r. Let o be w(5). List the prime factors of -4 - 12*(-3 + o).
2
Suppose 0 = -5*c + 48 + 37. Suppose -4*x = -2*f + c - 1, 14 = f + x. List the prime factors of f.
2, 3
Let s(v) = -2*v - 5. Suppose 0 = -y - 4*y + 30. Let t be s(y). Let x = t - -37. List the prime factors of x.
2, 5
Let b(x) = 13*x. Let q be b(1). Let d = q - 8. Suppose -d*a = -2*a - 93. List the prime factors of a.
31
What are the prime factors of ((-741)/(-76))/((-3)/(-16))?
2, 13
Let w(o) = o**3 + 4*o**2 - 3*o - 2. Let b be w(4). Suppose 0 = -3*v + b + 834. List the prime factors of v.
2, 79
Suppose 684 = 8*f + 2668. Let i = -118 - f. List the prime factors of i.
2, 5, 13
Let g be ((-2)/2)/(5/680*-1). Let i = g + -94. List the prime factors of i.
2, 3, 7
Suppose 2*p = 5 + 647. What are the prime factors of p?
2, 163
Suppose -482 = -c - 4*l, 56*c + l - 1898 = 52*c. List the prime factors of c.
2, 3, 79
Let f = 120 - -496. What are the prime factors of f?
2, 7, 11
Let z = -14 - -17. Suppose -4*b + z*g = -g - 24, 5*b = g + 18. Suppose -2*a - 12 = -b*a. List the prime factors of a.
2, 3
Let i(a) = 11*a**2 + 2*a + a**2 + 2 - 5*a**2 - 5*a**2. Let v be i(-2). Suppose -320 = x - v*x. List the prime factors of x.
2
Let o be (-3)/(-1*3/39). Let r = -117 + 106. Let g = o + r. List the prime factors of g.
2, 7
Let i(q) = 25*q - 14. Let a be (35/7 - (-1 - 3))*1. List the prime factors of i(a).
211
Suppose 0 = p + 26 - 32. List the prime factors of (-1)/p + 115/6.
19
Suppose 1980 = 2*i + 4*p - 380, 4*i - 3*p - 4698 = 0. List the prime factors of i.
2, 3, 7
Let y = 768 + -498. Suppose -2*g - 6*f + 270 = -3*f, -2*g = -5*f - y. Suppose 218 = 5*i + x + 53, 5*x = 5*i - g. List the prime factors of i.
2
Let n = 931 + -492. What are the prime factors of n?
439
Let s(b) = b**2 + 13*b + 16. Suppose h - 3*h - 12 = 0. Let o be h/9 - (-68)/(-6). What are the prime factors of s(o)?
2
Let a(h) = 25*h**2 - h + 7. What are the prime factors of a(-4)?
3, 137
Let t(f) = 15*f - 26. Let u be t(14). Suppose -u = -x - 73. List the prime factors of x.
3, 37
Suppose 0 = 3*a - 8*a + 10. Suppose 3*l - a*d - 17 = 0, -2*l - 3*d = l - 27. What are the prime factors of 2 - -5*(l - 2)?
3
Let w(d) = d**2 + 4*d - 46. Let y be w(0). Let p(z) = -3*z**3 - z**2 + z - 1. Let a be p(2). Let x = a - y. What are the prime factors of x?
19
List the prime factors of 4782/48 + (-6)/(-16).
2, 5
Let j = -10 - -16. Suppose f + 4*v - j = 0, -3*f + v + 0*v = -31. List the p